the value of (2089 - 2018) + (-114 - 2)?
-45
What is -8 + 18 - -10 - (222 - 191)?
-11
What is -25 + 92 - (8 - (7 + (0 - 6)))?
60
Calculate (2 - 0) + -9 + -519 + 580.
54
(-30 - 2) + (-1 - 12 - -4) + -3 + 7
-37
Calculate -14 - (9 + 3 + -11 + 12 + -10).
-17
Calculate -164 + (-223 - -287) + -1 + -17.
-118
Evaluate -18 + 180 + -64 + -16.
82
What is 86 + 2 + -20 + -89 + 100?
79
What is the value of 2919 + -2960 - (1 + -70)?
28
What is -79 + (-2 - -67) + 8?
-6
(177 + -348 - -153) + (-68 - 0)
-86
Evaluate -27 + 10 + (10 - 0) + -4 + 24.
13
What is the value of -60 + 119 + -185 - (2 + -17)?
-111
What is 23 + (-37 - 30) - (8 - (-7 - (7 - 8)))?
-58
What is (-54 - (-14 + 27 - 1 - 6)) + 8?
-52
What is the value of -15 - (15 - (15 + -8 + 77 - -7))?
61
What is -37 + (3 - 8) - (32 - 174)?
100
Evaluate (6 + 4 + (-1 - -7) + -13 - 57) + 4.
-50
Calculate -1823 + 1829 - (18 + (0 - 1)).
-11
What is the value of 7 + 34 + -11 + 7 + -1 + -14?
22
What is -30 + 29 - (-64 - (2 + -2 - (-1 - -4)))?
60
What is -1 - -30 - (-26 + 94 + -19)?
-20
What is 11 - (-11 - (-6 - (13 - 4) - -3))?
10
-8 + -16 + (-18 - (0 + -33))
-9
What is 43 - (3 + -38 + 23 - -36)?
19
What is the value of (14 - 4) + -11 - (-3 - -9)?
-7
Evaluate -1 - -10 - ((-68 - 19) + 60).
36
Calculate 5 - (7 + (13 + 1 - 5) - 14).
3
Calculate -103 - 1 - (-1311 + 1225).
-18
What is the value of -74 + -3 + (433 - 421 - (-1 + 0 + 5))?
-69
Evaluate (-33 - ((-33 - 2) + 6)) + (-1 - -3) + -10.
-12
-2482 - -2463 - (-13 + (3 + -6 - -1))
-4
0 + -65 + (9773 - 9795)
-87
Evaluate -110 + 2 + 998 + -961.
-71
Calculate -59 - (-116 + 23) - (19 - -1).
14
-5 - (25 + -23 + 3 + 59 + 3 + -10)
-62
(0 + 3 - (-50 + 50)) + -8
-5
63 - (-64 + -85 + 181)
31
What is -1 + -8 + -1 + (-3733 - -3747)?
4
15 - ((0 - (-3 + -5)) + -1)
8
Evaluate -55 + 3 + -131 + 169 - (1 - (145 - 2)).
128
What is 11 + (14 - 3) + (-2 - 13) + 26?
33
Evaluate -19 + 14 - (9 + -1) - -2.
-11
What is 13 + -9 + (163 - 29)?
138
-1 + -50 + (40 - 11)
-22
What is 11 - (((-4 - 7) + -14 - -17) + -12)?
31
What is the value of (-7 + -25 - -71) + 14 - (1 + (7 - 2))?
47
What is -102 - ((-4 - -29) + -58 - -25)?
-94
What is the value of -4 - ((10 - 1) + 42 + -80 + 85)?
-60
Calculate (-8 - -19 - -3) + 7 + -17 + 7 + 20.
31
What is (-277 - -229) + (5 - -10) + 13?
-20
58 + -113 - (14 - 59)
-10
-1 + 10 + ((7 - (7 - -8)) + 13 - -29)
43
Calculate (-49 - -1 - -7) + (-8 - -16).
-33
Calculate 5 + -25 + (30 - -5) - 42.
-27
Calculate (2 - -4) + -4 - ((-15 - -16) + -10 - -25).
-14
What is the value of (11 - (5 + -4)) + 18 + -114 + 27?
-59
What is the value of (-28 - -40 - (9 + -1)) + -2 + -9?
-7
Evaluate (21 - (-1 + -24 + (19 - -3))) + -7.
17
(-30 - 9) + 48 - 40
-31
What is the value of 32 + (-42 - -4) + (32 - 13)?
13
Evaluate (11 - -1) + 4 - (-45 + 44).
17
14 - (-16 + 17) - (-3 - -3 - (2 + 1))
16
What is -12 + (-4 - -16 - 10) + (-1 - -38)?
27
Calculate (8 - (-15 - 1)) + (-26 - -63 - 27).
34
Calculate -107 - -1 - ((9 - -1) + -39).
-77
What is the value of -4 + -2 + (-37 - -11) + 92?
60
-12 + (-37 + (-21 - -33) - 44)
-81
(33 - 62 - -34) + (-75 - (-4 + 7 + -2))
-71
Calculate -24 - 111 - (-10 - 61).
-64
What is the value of -1 + 2 - (-36 + 0 - (-18 + 46 - 24))?
41
Evaluate (-4 - -68) + (-617 - -487).
-66
What is the value of -30 - (-14 - (5 + -48))?
-59
5 + -3 + -27 - ((5 - 12) + 12 - 13)
-17
What is 73 - 172 - (47 + -181)?
35
Calculate (2 - 0) + 2 + -11 + 5 + 19.
17
What is (95 - 3) + 34 + -19 + 0 + -1?
106
354 + -459 + (4 + -8 - -31)
-78
What is the value of -8 + -13 + 3 + -38 - 18 - -14?
-60
What is -115 - (-102 - 9) - (0 + -99 + 2)?
93
Calculate (-7 + -12 + -2 + 10 - -21) + -10 - -90.
90
51 + -8 - (-9 + (-8 + 25 + -12 - 6))
53
Calculate (-63134 - -63102) + (-25 - (1 - 2)).
-56
What is the value of (1 - 0) + (95 - 193) + 103?
6
4 - (91 + -18 + -28 + -2 + -13)
-26
What is -6 + -9 - (-2237 + 2256)?
-34
What is the value of -37 + 49 + (16 - (-10 - -7))?
31
(24 - 62) + 65 + -43
-16
(-1 + 2 - 9) + (27 - (-15 - -55))
-21
What is 17 + -16 + -5 + (2 + -2 - 0)?
-4
What is the value of -36 - 0 - (-45 - 10 - -29)?
-10
What is -13 + (9 - (-13 + 6)) + (6 - 7)?
2
-16 + (-10 - -9) + (-3 - 17)
-37
What is 179 + -198 + 0 + 17 + 6 - -50?
54
What is the value of 0 + 8 + -1 + 29 + -52?
-16
Calculate 4 - (4 + -3 + 0 + 19 + -5).
-11
-15 + 2 + -17 + 7 + 9 - -63
49
Calculate 15 + (-40 - -51) - 69.
-43
Calculate -9 - (-6 - (-2 + -41) - -32).
-78
Calculate 23 - (2 + (18 - 32) - (0 - (7 + -7))).
35
Evaluate -81 + 2 + (510 - 513 - (-15 + -1)).
-66
What is -130 + 144 - (20 - -2)?
-8
What is the value of 22 + (-12 + -7 + 5 - 3) + -6?
-1
(6 - 12) + 2 - 63 - (299 - 290)
-76
What is the value of -10 - (-19 + (-13 - 16)) - 34?
4
Evaluate 0 - 24 - (174 + -563 + 337).
28
Evaluate 0 + -8 + (1 - 0 - -11) + 91 + -63.
32
What is 1 - -39 - 2 - (448 + -444)?
34
Calculate 51 - -1 - (-719 - -755).
16
Evaluate -18 - (16 + -14) - (-34 - 25).
39
Calculate -8 + (15 - 3 - (-271 - -285)) + (10 - -2).
2
(12 - (-17 + 20)) + (2 - 0) - 50
-39
What is (-3 - -3) + (0 - 5) - -14 - 71?
-62
What is 141 - 20 - 2 - 240?
-121
Evaluate 9 + (49 + -87 + 7 - (0 - 0)).
-22
Calculate (0 + (-1 - -7) - (13 - (70 - 59))) + 27.
31
What is (41 - -77) + (-15 - (-16 + 27))?
92
Calculate -175 - (-100 + -4 + 0).
-71
Calculate 57 + -10 + 0 + -94.
-47
10 - (-1 + -2) - (-27 - -28)
12
6 - -11 - (28 + -16 + 15)
-10
Calculate -7 - (-19 + 6) - -26 - 0.
32
36 - 74 - -137 - ((10 - 11) + 5)
95
Evaluate 65 + (20 + -39 - (-1 + -5 + -12)).
64
Evaluate -17 + 1 - ((11 - 10) + -35 - -32).
-14
Calculate (47 - 2) + (1766 - 1849).
-38
What is 122 + -97 + 3 + -83?
-55
Evaluate -44 + 67 - (-22 + 5 + 135).
-95
-23 + 2 + (-2 - 4) + (11 + -12 - -5)
-23
What is the value of (-41 - -2) + (400 - 402)?
-41
Evaluate -159 - 25 - -185 - (0 - 7).
8
What is -30881 - -30915 - (142 + -1)?
-107
What is -39 + (90 + -104 - (2 + -5 + 1 + -2))?
-49
10 + 0 - -2 - (-1877 + 1799) - (15 + 0)
75
Evaluate -75 + (-14 - (-1 + (-9 - -8) + -7) - 3).
-83
What is 433 + -482 - (-4 + -45)?
0
Calculate (-97 + 113 - 20) + 13.
9
Calculate 20 + -33 + -40 + 31 + (10 - -1).
-11
Evaluate -444 - -268 - (21 + -105).
-92
50 + (86 - 162) - (1 - -1)
-28
0 + 27 + -10 - -5 - (-16 + 2)
36
Calculate -98 + 8 + (-1 - -17) - (10 - 0).
-84
Calculate -110 - -4 - ((-74 - -112) + -41).
-103
Calculate (-30 - (-45 + -6)) + -5.
16
What is the value of -4 + -4 + -83 + -22 + -20 + 39 + 8?
-86
What is the value of -119 + 157 + -4 + (8 - 2)?
40
Evaluate 101 + -3 - (-13 - (18 + -45 + 22)).
106
What is the value of 8 - (57 + 3 + 24 + (-21 - (11 - 1)))?
-45
Evaluate 1 + 2 + (75 - 22) + -1.
55
Evaluate -8 - (2 + -9 + 0 - (18 + -4)).
13
What is the value of -3 + (-5 + -2 - -7) + (-78 - (-3 + 17))?
-95
What is -43 + 0 + -4 + 42 + -34?
-39
Calculate (0 - 14) + (-17 - -12 - 10 - -12).
-17
What is 64 - (40 - 11 - 15) - -9?
59
(-11 + 2 + -5 - (-40 + -16)) + -13
29
Calculate -28 + -38 + (80 - 61).
-47
Evaluate -82 + (-90 - -125 - 26).
-73
What is -30 + (-3 + 22 - (-39 - -65))?
-37
-13 + -1 + (319 - 34) + -265
6
What is the value of -23 + (-3 - (-18 - -23)) + 13?
-18
What is 35 + 0 + (-317 - (-108 - 167))?
-7
Calculate 53 - (-2 + -33 + 33).
55
What is the value of -30 - (-35 + 47) - (1 + -21)?
-22
What is the value of 2 + -7 + (1074 - 1084)?
-15
Calculate (25 + -7 + -6 - -6 - 8) + -3.
7
What is -41 + 74 + -34 - 12 - (1 - 74)?
60
62 - (-13 + 80) - (-20 + 2)
13
(-58 - -31) + (-18 - -36) - (2 + -13)
2
-8 - (-80 - 10) - (10 + 2)
70
Calculate -68 + (55 + 45 - 60).
-28
Evaluate (-44 - (30 - (-63 - -31))) + 27.
-79
Calculate 4 + (-24 + 5 - (-115 + 67)).
33
Calculate 28 - (176 + -169 - ((17 - (5 + -7)) + 0)).
40
(-5 - 14) + (9 - (8 - 2))
-16
-1 + 44 + -26 + (40 - (-11 + 37))
31
What is -1 + 130 + (-161 - -168) + (5 - 0) + -26?
115
Evaluate -48026 + 48052 + (2 - 2) + 2 + -1 + 10.
37
(3723 - 3734) + (8 - -1 - (-2 - -1)) + 63
62
What is the value of -36 + (61 - 27) + -2 + -16 + 11 + -13?
-22
435 + -420 - (4 + -30)
41
Evaluate (15 + -21 - -19 - -71) + -24.
60
What is the value of (-35 - -9) + (-18 - 0)?
-44
What is (6 - 1) + -9 + 125 + -296 + 292?
117
Evaluate (4 - 1) + (-23 - 48 - -59).
-9
Calculate 29 - (-18 - (-26 - -14)) - -29.
64
What is (-91 - 103 - -58) + 128?
-8
Calculate (47 - 47 - (-5 + -11)) + -9 + 27.
34
Evaluate -64 + 8 + (-8 - 8) + 17 + 9 + -2.
-48
What is the value o